ermine d(s).
-5
Let l(z) = 2*z**3 - 6*z**2 - 10*z + 10. Let b be l(4). Let h(x) = b*x**2 + 2*x**2 + 9 - 24*x + 5 + 5 - 13. Calculate h(6).
6
Let z be -11 - 24/((-30)/(8 + 7)). Let n(g) be the first derivative of -g**4/2 + g + 2. Calculate n(z).
-1
Suppose 795*y - 244*y = -174*y - 37700. Let r(a) = 5*a + 263. What is r(y)?
3
Let n = 303 - 300. Let q(y) = -3*y - 5*y + 4 + 52*y**n + 7*y**2 + y - 53*y**3. Determine q(6).
-2
Let c(w) = 394 - w**2 + 6*w**3 + 4*w + 400 - w + 397 - 1193. Calculate c(1).
6
Let v(t) be the second derivative of 5*t**4/6 - t**3/2 - t**2/2 + 1755*t. Give v(1).
6
Let d(n) = -n**2 + 3*n - 5. Let u(m) = -m**2 + 5*m - 5. Let z = -45 + 39. Let b(p) = z*d(p) + 5*u(p). Give b(-4).
-7
Suppose 0 = 2*a - 114 + 130. Let h(z) = 7*z**3 + 15*z**2 - 25*z + 7. Let l(v) = -11*v**3 - 22*v**2 + 38*v - 10. Let q(b) = a*h(b) - 5*l(b). What is q(-11)?
5
Suppose 0 = f - 5*x + 6, -f + 0*x + 10 = 3*x. Let m(k) = -8*k**3 - f*k**2 - 5*k - 8 + 7*k**3 + 2*k. Let n be m(-4). Let w(c) = c**2 - 2*c - 2. What is w(n)?
6
Let k(p) be the third derivative of -26*p**2 + 1/120*p**6 - 2/15*p**5 + 0 + 1/3*p**4 - 5/6*p**3 + 0*p. Calculate k(7).
2
Let d = -6 - 0. Let t be (-4)/(-10) - 2780/(-50). Let j(q) = -5*q**2 - 54*q - t*q + 118*q + 4 - q**3. Calculate j(d).
-8
Suppose 2338*w = 2352*w - 56. Let t(u) = u**3 - 2*u**2 + 8*u + 8. Determine t(w).
72
Suppose 4*z + 5 = 3*m + 20, -3*z = 3*m - 27. Let i(f) = 7*f - 6*f - z*f - 2*f. Calculate i(-3).
21
Let h(j) = j**3 - j**2 - 4. Suppose -396*m + 807 = -1173. Determine h(m).
96
Let x(v) be the first derivative of v**3/3 + v**2 + 3*v + 379. Suppose 2 = 14*j + 30. What is x(j)?
3
Suppose 3*l + 23 - 11 = 0. Let x(o) = -16*o + 10. Let a(h) = 7*h - 4. Let s(p) = -9*a(p) - 4*x(p). Calculate s(l).
-8
Let z(q) = q**2 - 6*q - 6. Let j(g) = g**3 - 6*g**2 + g + 8. Let m be j(6). Suppose m = 12*k - 5*k. Suppose -4 = k*y - 16. Determine z(y).
-6
Let t = 28 - 16. Let z(n) = 18181*n + 18180*n + 30 + 18190*n + n**2 - 54566*n. Determine z(t).
-6
Let x(u) = -136 - 62 + 4*u**2 + 375 - 28*u - 3*u**2. Calculate x(19).
6
Let m(z) = -3*z**2 + 6. Suppose -b + 3*r + 0 = 2, 0 = -b - 4*r + 19. Let u(f) = 4*f**2 - 10. Let w(x) = b*m(x) + 5*u(x). Determine w(0).
-8
Let a = -77 - -174. Let c = a + -91. Let g(r) = -r + 13. Calculate g(c).
7
Let l(f) be the second derivative of f**4/12 + 4*f**3/3 + 3*f**2 - f. Let d be ((-3)/2)/(12/(-40)). Suppose 55 = -5*c + d*r, -2*c - 31 = -r - 14. Give l(c).
-6
Let u(q) = -3*q**2 + 40*q + 38. Suppose -2758 = -67*m - 130*m. What is u(m)?
10
Let y be ((0/(-2))/(-6))/(-2). Let l(f) = 4*f + 13. Give l(y).
13
Suppose -2*d - 28 = -5*g + 42, -38 = -3*g + 2*d. Let y(c) = 4*c - 2 + g*c - 14*c. Determine y(5).
28
Let h(n) = -n**3 + 8*n**2 - 7*n + 7. Suppose -5*p = -4*b - 12, -2*p = -2*b - p. Let a be (-3060)/(-420) + b/(-7). Calculate h(a).
7
Let u(q) be the third derivative of 97*q**2 + 0*q - 4/3*q**3 + 0 - 1/12*q**4. Calculate u(-4).
0
Suppose 3*f - 16 = -3*p + 8*f, 0 = -4*p + 5*f + 18. Let l(t) = -1 + t + p*t**2 + 13*t - 10*t. What is l(-3)?
5
Let s be (-8)/(-6)*((-423)/(-12) + -3). Let p be (-3)/(-4) + s/(-4). Let w(q) = -q**2 - 11*q - 6. Give w(p).
4
Suppose a = 2*v - 6, -5*a = 3*v + v + 2. Let d(r) be the third derivative of -1/12*r**4 + 0*r**3 + 0 + 0*r - 6*r**2 - 1/60*r**5. Determine d(a).
0
Let b(g) = g**3 + 6*g**2 + 4*g + 3. Let i(t) = t**2 + 12*t - 134. Let o be i(-25). Let u = o + -196. What is b(u)?
8
Let x(k) = 17*k - 2. Let h(a) = -53*a + 38. Let q(m) = h(m) + 3*x(m). Calculate q(13).
6
Let h(q) = -q**2 + 9*q - 2. Let u(r) = 7*r - 1. Let z(o) = -3*h(o) + 4*u(o). Suppose 2*k + 13 = 3*y, k + y = 4*y - 11. Determine z(k).
12
Let o(m) = m**2 - 4*m - 57. Let k be o(-6). Let l(s) be the second derivative of -1/6*s**3 - k*s**2 + 0 - 8*s. Give l(0).
-6
Let o(u) = -u**3 + 6*u**2 - 7*u + 4. Suppose -9*k + i + 31 = -13*k, -3 = i. Let g(z) = -6*z - 38. Let w be g(k). Determine o(w).
8
Let m = 61 - -45. Suppose 7*r = m + 55. Let n(k) = -24*k**2 + 10*k - 9*k - 5 + r*k**2. Determine n(0).
-5
Let s(v) be the second derivative of -v**3/6 + 2*v**2 - 10*v. Let k be s(2). Let o(d) = -2 - 27*d**k - 4*d - 26*d**2 + 52*d**2 + 0*d. Calculate o(-2).
2
Let h(j) = j**2 - 16*j + 4. Let k be h(8). Let x be (k/(-9))/(-5)*30/4. Let q(c) = -c - 1. Calculate q(x).
9
Let t = 5407 + -324419/60. Let k(a) be the third derivative of 0 + 0*a + t*a**5 - 8*a**2 + 1/2*a**3 - 5/24*a**4. Calculate k(5).
3
Let v(z) = -z**2 + 9*z - 12. Let j(a) = -a**3 + a + 4. Let u be j(0). Suppose -u*w + 40 = w. Give v(w).
-4
Suppose 24*c + 3 = 387. Let w be c/112*(8 + -1). Let m(v) = -v**2 + v + 2. Give m(w).
2
Let j(b) = 14362 + 0*b + 2*b**2 - b - 8*b - 14367. Calculate j(4).
-9
Let i(z) be the third derivative of 0*z - 6*z**2 + 1/12*z**4 + 0 - 5/6*z**3 + 1/60*z**5. Let p be ((-18)/(-21))/((-1)/7). Determine i(p).
19
Let i(q) = 39*q + 17. Let y be i(5). Let x = -214 + y. Let s(c) = 4*c**2 + c**2 + 7*c - 4*c. What is s(x)?
14
Let q(p) = 3*p**3 - 10*p**2 - 6*p - 3. Let a = 31356 + -31352. What is q(a)?
5
Let w(c) = 28*c + 1. Let n be (-1 + 2)*(-1 + 4 + -3). Suppose n = -14*p + 12*p + 32. Let d(b) = b**3 - 15*b**2 - 15*b - 17. Let g be d(p). Calculate w(g).
-27
Let a(o) = -148*o**2 + 56*o**2 - o**3 + 103*o**2 + 18*o. What is a(12)?
72
Suppose 2*h + w = 13, -849*w = -845*w + 20. Let m(y) = 3*y**3 - 26*y**2 - 11*y - 22. Calculate m(h).
-40
Suppose 5*a + 1 = -t - 20, 3*t - 7 = -a. Suppose -k + 4*w = 29, -k + w - 31 = -t*w. Let x = -18 - k. Let d(i) = 3*i**2 - 3*i. Determine d(x).
18
Let g(v) be the third derivative of 3*v**5/20 - v**4/3 + 3*v**3/2 - 5*v**2 - 277. Calculate g(3).
66
Let u(v) = 5*v - 64. Let a(p) = -2*p**3 - 3*p**2 - 49*p + 12. Let b be a(0). Determine u(b).
-4
Let a(l) = l**2 + 18*l + 71. Let j(k) = -k**3 + 6*k**2 - 5*k - 20. Let i be j(4). What is a(i)?
-9
Let g = -492 + 540. Let k be (g/9 - 6)/(2/(-15)). Let t(d) = -d**2 + 4*d + 3. Give t(k).
-2
Let g(n) = 17*n**3 - n**2 + 1. Let l be (4 + (-15)/4)/(2/16). Let w be 40/l*40/16. Let b = 49 - w. Determine g(b).
-17
Let f be (-2)/4*(58 + 26). Let j be (-14)/147 - 4/f. Let z(c) = -c**3 - c - 1. What is z(j)?
-1
Suppose 32*k - 30*k + 4*i = -18, 10*k - 3*i = -90. Let j(f) = -f**2 - 11*f - 4. What is j(k)?
14
Let o(y) = -2*y - 45. Suppose 0 = 10*k + 2*k + 81 + 159. Calculate o(k).
-5
Let y(b) be the second derivative of -b**5/20 + b**4/2 + 7*b**2/2 + 1627*b. What is y(6)?
7
Let b(c) = 64889*c**3 - 64887*c**3 - 9*c**2 - 2*c + 3 + 5. Calculate b(5).
23
Let k(h) = 12*h - 9*h + 2 + 3 + 16*h**2 - 17*h**2. Let c = 3 - -2. What is k(c)?
-5
Let v(g) = -27*g. Let l = 75 - 358. Let f = l - -282. Determine v(f).
27
Let v(b) = -2*b**2 + 3*b. Suppose 2*c = -3*r + 84, 2*r - 2*c + 5 = 71. Suppose r = 5*i + 24*q - 19*q, 2*i = -q + 9. Give v(i).
-9
Let d = 22654 - 22664. Let q(h) = -2*h + 10. Give q(d).
30
Let l(h) be the second derivative of h**5/20 - h**4/6 - h**3 - h**2/2 + 1459*h. Give l(3).
-10
Suppose 9*i + 12 = 21*i. Let c be (-2 - -5 - (3 + i))*1. Let v(o) = -16*o - 1. Calculate v(c).
15
Let q(s) be the second derivative of -s**4/3 - 2*s**3 + 129*s + 1. What is q(-6)?
-72
Suppose -14*y + 5*y = 0. Suppose 3*p + 5*o - 341 = y, 4*p + o + 2*o = 473. Let x = p + -128. Let b(m) = m**3 + 7*m**2 + 6*m - 5. What is b(x)?
-5
Let v = -9 + 33. Suppose 5*k - 5 = -31*p + 35*p, -5*p - 4*k = -4. Suppose p = -0*r - 6*r - v. Let z(h) = -h**3 - 5*h**2 + 1. What is z(r)?
-15
Let z(i) = -i**3 - 3*i**2 + 4*i + 2. Let h(w) = -14*w + 43. Let b be h(3). Suppose b + 5 = -3*q - 3*k, 3*q = -4*k - 4. What is z(q)?
2
Let q(k) = 3*k + 35. Let v(l) = l**3 - 10*l**2 - 37*l + 417. Let z be v(8). Determine q(z).
14
Let c = -20 - -21. Suppose -4 - c = -s, 4*b - 3*s + 11 = 0. Let o(j) be the third derivative of j**6/40 - j**5/30 + j**4/24 + j**2. What is o(b)?
2
Let j = 301 + -78. Let s = j - 217. Let x(n) = 4*n**3 + 12*n**2 - n + 10. Let d(g) = -5*g**3 - 13*g**2 - 11. Let b(k) = -5*d(k) - 6*x(k). Give b(s).
-5
Let w(a) = -7*a - 8. Let l(c) = -36*c - 42. Let j be 2/8 - (-90)/(-8). Let d(y) = j*w(y) + 2*l(y). Calculate d(-4).
-16
Let t(b) = -11*b - 264. Let g = 10239 + -10262. Determine t(g).
-11
Suppose -2*n = 4*c + 18, 6 - 3 = n. Let p(x) = x**3 + x**2 - 3*x - 9. Let z(g) = g**3 - 2*g - 9. Let s(j) = 5*p(j) - 4*z(j). Give s(c).
-3
Let z(d) = -850*d - 